of h?
2, 5
Let r = 18 + 9. List the prime factors of r.
3
Let s = -7 + 0. Let i(v) = v**2 + 7*v + 6. List the prime factors of i(s).
2, 3
Let f(c) = c**2 - 9*c + 8. List the prime factors of f(-7).
2, 3, 5
Let o be (-1 - 24)/(1/(-2)). Suppose 10 + o = 4*h. List the prime factors of h.
3, 5
Let b(s) = -9*s - 1. Let t be b(-1). Suppose 0 = -g + t + 7. What are the prime factors of g?
3, 5
Let h = -37 + 60. What are the prime factors of h?
23
Suppose 4*s = r - 5*r + 272, 4*r - 338 = -5*s. Let f = 3 - -1. What are the prime factors of f/(-10) + s/15?
2
Suppose -3*x + j = -752, 2*x + 5*j - 515 = -25. List the prime factors of x.
2, 5
Suppose 0 = 2*t - 5*t + 45. Suppose 9*f = 4*f + t. What are the prime factors of f?
3
Let h = -1 + -2. Let p = h - -4. Suppose 3*s - p = 8. List the prime factors of s.
3
Let f = 15 - 30. What are the prime factors of (f/(-10))/(1/6)?
3
Suppose -8*f - 275 = -9*f. List the prime factors of f.
5, 11
Suppose 4*o + 11 = -25. Let n(b) = -b - 3. Let p be n(o). List the prime factors of 4/(-9)*-3*p.
2
List the prime factors of 163/2 - 9/(-6).
83
Let p(s) = -10*s**2 + 17*s - 14. Let b(k) = -7*k**2 + 11*k - 9. Let x(l) = 7*b(l) - 5*p(l). Let a be x(6). Let c = 17 + a. What are the prime factors of c?
2, 3
Let h(o) be the third derivative of -5*o**4/24 - o**3/3 + 5*o**2. Suppose 3*l + l = -8. List the prime factors of h(l).
2
Suppose 0*y = -2*y + 292. Let u = y + -16. List the prime factors of (-2)/(-11) - u/(-11).
2, 3
Let i be 20/3*(0 + -3). Let o = -2 - 9. Let g = o - i. What are the prime factors of g?
3
Let h(c) = c**3 + 5*c**2 + 4. Let b be h(-5). Suppose -b*v = -2*l - 14, -2*l - 5*v = -6*l - 16. What are the prime factors of l + (5 - 1)*1?
5
Suppose -2*s = 3*s - 110. List the prime factors of s.
2, 11
Let l(f) = 3*f**2 + 2*f + 3. Suppose 2*j = 7*j + 10. What are the prime factors of l(j)?
11
Suppose 5*b + 65 = -3*o, -2*o - 20 = 3*b - 4*o. List the prime factors of (3/(-5))/(1/b).
2, 3
Suppose -h + 25 = -6*h, 2*c + 3*h = 81. What are the prime factors of c?
2, 3
Let o(h) = h**3 + 5*h**2 + 7. Let m be o(-5). Let r = m - 4. List the prime factors of r - (-1 - 0/(-2)).
2
Let a = 9 + -10. Let v(j) = -11*j - 1. What are the prime factors of v(a)?
2, 5
Let w(z) = -1 - z**3 - 7*z**2 - z + 3*z**2 + 0*z. List the prime factors of w(-5).
29
Suppose -4*t = -4*s - 506 - 10, -5*t - 2*s + 631 = 0. What are the prime factors of t?
127
List the prime factors of 2/(-7) - 163/(-7).
23
Suppose 3*n + 24 = 5*n. Suppose 2*j = -i - 15, -4*i = 3*j - 4*j - 12. List the prime factors of 8/(-3)*n/j.
2
Suppose -5*q + 170 = -15. What are the prime factors of q?
37
Let o(d) = 3*d + 1. Let r(b) = -3*b - 1. Let i(l) = -6*o(l) - 5*r(l). Let u be i(-1). Let t(s) = 2*s**2 - s - 1. List the prime factors of t(u).
5
Let h(l) = -26*l**3 + l**2 - l - 1. Let b be (-3 - -2)/(-1 + 2). Let k be h(b). Suppose 4*w = 2*y + 10, 7*y - 2*y + 3*w - k = 0. List the prime factors of y.
3
Let c be (3 - 2) + -1*4. What are the prime factors of 6/(-9)*c + 16?
2, 3
Let s = 16 - 1. Suppose 0*j - 5*j + s = 0. List the prime factors of j.
3
Suppose -112 = -3*x + 113. What are the prime factors of x?
3, 5
Let u(r) = 58*r**2 - 3*r + 1. List the prime factors of u(1).
2, 7
What are the prime factors of -64*1/(4 - 5)?
2
Let s be 2 + 3 + -1 - -143. Suppose -3*k + 113 = g - 3*g, 4*k - s = -g. List the prime factors of k.
37
Let z = -200 + 400. List the prime factors of z.
2, 5
Suppose 0*s = x + s + 6, -2*x + s = 3. What are the prime factors of x/21*6*-7?
2, 3
Let r(f) = f**3 + 10*f**2. Let d be r(-10). Suppose d = -0*j + j - 3*b + 5, b = 2. List the prime factors of j/2 + 133/14.
2, 5
Let o(a) = -a - 1. Let b be o(1). Let h be (9/(-6))/(b/4). Let u = h - -9. What are the prime factors of u?
2, 3
Suppose 465 = 4*c + 5*u, -5*c + 0*u + u = -545. What are the prime factors of c?
2, 5, 11
Let q(m) = -2*m**3 + 3*m - 4. List the prime factors of q(-4).
2, 7
Suppose -2088 = -0*u - 12*u. What are the prime factors of u?
2, 3, 29
Let f be ((-9)/(-12))/(2/(-16)). Let y(h) = 16*h**2 + 19*h + 21. Let o(s) = 3*s**2 + 4*s + 4. Let z(l) = 11*o(l) - 2*y(l). List the prime factors of z(f).
2
Suppose -3*b + 128 = 35. List the prime factors of b.
31
Let x be 2 + (-4 - 0/1). Let h be (0 + 2)/(x/(-24)). Suppose 3*v + v - h = 0. List the prime factors of v.
2, 3
Let f(u) = -3*u + 2. Let w(z) = -z**3 + 9*z**2 - 7*z - 11. Let k be w(8). What are the prime factors of f(k)?
11
Let p(x) = x**2 + 2*x + 2 + 3*x + 0. List the prime factors of p(-5).
2
Suppose -4*c - 5 = 11. Let v = -4 - c. Let t = v + 9. What are the prime factors of t?
3
Let f = -2 + 2. Suppose -t + 3*t - 6 = f. What are the prime factors of t?
3
Suppose -i - i - 16 = 0. Let j = -1 - -1. List the prime factors of (-3)/2*i + j.
2, 3
List the prime factors of (104/12 - 4)*18.
2, 3, 7
Suppose -d - 38 = -3*d. What are the prime factors of d?
19
What are the prime factors of 2054/14 - (7 - 255/35)?
3, 7
Suppose 2*j + 20 = -4*z, -4*z - 5*j = -2*z + 2. Let p = z - -1. Let b = -2 - p. What are the prime factors of b?
3
Suppose 0 = 4*b + 4, 2*b - 6 = -2*c. Let r be 12/(-9)*(-6)/c. Suppose 0*t = r*t - 8. List the prime factors of t.
2
Suppose 2*q = -q. Suppose -149 = 4*a - 8*a - w, 2*a - 4*w - 52 = q. Let u = 50 - a. List the prime factors of u.
2, 7
Suppose 2*b + 65 = 4*y - 3*b, 2*y + 2*b = 10. List the prime factors of y.
2, 5
Suppose 0*s - 2*a = s - 8, -2*a = -4. Let z(n) = 2*n + 1. List the prime factors of z(s).
3
Let c(q) = -q**3 + 17*q**2 - q + 18. Let r be c(17). Let h = r - -14. What are the prime factors of h?
3, 5
Suppose -103 - 41 = -2*u. What are the prime factors of u?
2, 3
Let b = -46 - -50. List the prime factors of b.
2
Let v = -144 + 322. What are the prime factors of v?
2, 89
Suppose -y = -3*f, -2*y = -5*y + 5*f. Suppose 2*j - 2*w + 29 + 3 = y, -2 = w. What are the prime factors of (-12)/(-54) + (-104)/j?
2, 3
Let c be 15/(-3)*(-12)/5. Suppose -p - c = -1. What are the prime factors of p*(-2)/(2 + 0)?
11
Suppose -t = -0*t. Suppose t = -2*w + f + 19, -4*w = 2*f - f - 23. List the prime factors of w.
7
Suppose 2*m + 4 = -0. What are the prime factors of 25/m*(-24)/15?
2, 5
Let d be 0*(-3)/(-1 + 7). Suppose m + 0*m - b - 21 = d, m - 5*b = 41. Suppose 0*w + m = 2*w. List the prime factors of w.
2
Let g = 5 + -3. Let q = -73 - -130. Suppose -2*a + 37 = -5*m + 10, 5*a = g*m + q. List the prime factors of a.
11
Let k(d) = -16*d - 12. Let i be k(-6). Suppose 3*c + 3*a = i, 5*c - 10 - 129 = -4*a. What are the prime factors of c?
3
Suppose 4*s - 57 - 71 = 0. Let k be ((-24)/(-20))/((-4)/(-30)). What are the prime factors of s/6*k/4?
2, 3
Let c(y) = -28*y**3 - 2*y - 1. Let q be c(-1). Let p = -17 + q. List the prime factors of p.
2, 3
What are the prime factors of (-528 + 4)/(6/(-3))?
2, 131
Let r = 51 - 34. Let i be (-12)/30 - 32/(-5). Let l = r - i. List the prime factors of l.
11
Suppose f - 48 = -3*f. Suppose -4*g = -g - 4*n - 36, g = 5*n + f. What are the prime factors of g?
2, 3
Let r be (-1046)/(-14) - 2/(-7). Suppose p - r = 6*p. What are the prime factors of 54/10 + 6/p?
5
Let f = 4 - 8. What are the prime factors of (-167)/f + (-3)/(-12)?
2, 3, 7
Let j(a) = -a**3 + 23*a**2 - 9*a - 30. List the prime factors of j(22).
2
Let g(w) = -w**2 + 2*w. Let d be g(-2). Let h = 57 - d. Suppose 73 = 5*m + 4*s, -3*m - s = m - h. What are the prime factors of m?
17
Let h(n) = -5*n**3 + 2*n**2 + 3*n. What are the prime factors of h(-3)?
2, 3
Let s be 8/6*(-12)/(-8). Let z(w) = -w**2 - w**3 + w + 7 + 7*w**s + 7*w. List the prime factors of z(7).
2, 7
Suppose 0 = -2*d - 3*c + 3, d - 3*d = -4*c - 10. Suppose -q + 13 = -d. List the prime factors of q.
2
Let m = -21 - -31. List the prime factors of m.
2, 5
Suppose 3*x - 95 = 4*x. Let f be 4/2*x/(-10). Suppose 2*u - f = 3. What are the prime factors of u?
11
Let n = -16 + 24. List the prime factors of n/44 - 163/(-11).
3, 5
Suppose -3*s + 2 = -2*s. Let z be -50*(s - 3)*1. Suppose 5*i - z + 0 = 0. List the prime factors of i.
2, 5
Suppose 4*j = 9*j - 315. Suppose 0 = 4*h - h - j. List the prime factors of h.
3, 7
Let t be (-13)/3 - 6/9. Let g(o) = -o**3 - 3*o**2 + 2*o + 1. List the prime factors of g(t).
41
Suppose -3*z + 45 = -5*r, z - 15 = -2*z - 5*r. Suppose -3*d = -n + 40, 2 = -2*n + z. Let b = d - -17. 